= 3*i**2 - c*i + 2 - i - 2*i**2 + i. Suppose 5*p = 0, p = 2*o - 0*p - 4. Determine l(o).
0
Let l(d) = 9*d - 10. Let x(y) = 8*y - 9. Let m(i) = 5*l(i) - 6*x(i). Suppose -20 = -p + 4*z, -3*z - 2*z - 20 = 0. Suppose -p*w + 5*w - 3 = 0. Give m(w).
-5
Let u(q) = q**2 + 4*q - 4. Let x be u(-5). Let y be 1 + (6 + 0)/2. Let c(a) = -a + y*a**2 + 4*a**2 - 3*a**2 - a**2. Determine c(x).
3
Let s(x) be the first derivative of 5*x**3/6 + 4*x + 5. Let c(w) be the first derivative of s(w). Calculate c(-1).
-5
Let v(m) = m - 6. Let d(p) = -2*p**2 - 9*p + 10. Let j be d(-5). Give v(j).
-1
Let k(j) = 2*j**3 + 0*j**3 + 17*j - 14*j**2 + j**3. Let l(u) = u**3 - 5*u**2 + 6*u. Let s(m) = -6*k(m) + 17*l(m). Suppose -1 = 3*a + 5. Give s(a).
4
Let f(h) be the second derivative of -h**3/6 + 3*h**2/2 + 60*h. Determine f(0).
3
Let i be -3 + -1*(5 - 4). Let y(j) = j - 5. Calculate y(i).
-9
Let o(g) = g**3 + g**2 - g - 1. Let y = -3 + 3. Let k be (-2 - 5/(-2))*y. Calculate o(k).
-1
Let s = -26 - -17. Let l(x) = -x**2 - 9*x + 5. Give l(s).
5
Let d be (4*-1)/(6/9). Let c(s) = s**2 + s**2 + 5 - 2*s - 3*s**2. Let u(v) = -v. Let o(n) = c(n) + 3*u(n). Determine o(d).
-1
Let r be 15/2 + 1/(-2). Suppose r*v - 2*v - 25 = 0. Let u(z) = v*z - 3*z + z + 5. Calculate u(-4).
-7
Suppose x - 17 = 4*b + 2*x, -3*x = -2*b - 5. Let z(n) = -4*n**3 - n**2 - n - 1. Let g be z(-1). Let c(p) = -3*p - 1 - g*p + 4*p**2 - 5*p**2. What is c(b)?
7
Let a(t) = -t - 16. Let b(f) = 1. Let l(v) = -a(v) - 4*b(v). What is l(-6)?
6
Let m(k) = -k**2 - k - 4. Let w = -9 - -16. Suppose -5*q = -w*q. Give m(q).
-4
Let l(v) = -1270 + v + 1267 + 0*v**2 + v**2. Let d be (-1 + -1)*1*2. Give l(d).
9
Suppose -5*l = 5*s - 2*s, 0 = 3*l - 2*s. Let q(i) be the third derivative of i**2 + 0 + 0*i + l*i**3 - 1/12*i**4. Calculate q(3).
-6
Let l(v) = -3*v - 3. Let i(q) = -11*q - 12. Let c(j) = 2*i(j) - 9*l(j). Let d(r) = 2*r - 2*r + 4 - r. Let t be d(6). Determine c(t).
-7
Let b(s) = 7*s**2 - 11*s + 7. Let n(w) = 15*w**2 - 23*w + 15. Let k(a) = 13*b(a) - 6*n(a). Give k(4).
-3
Let s(f) = f**2 - 3. Let y = -1 - -5. Suppose -4*u + 2*u - 5 = -3*t, y*t - 2*u - 8 = 0. What is s(t)?
6
Let g = -16 + 34. Let v be 33/(-27) + 4/g. Let s(o) = 4*o**2 + o. Determine s(v).
3
Suppose -x - 4*x + 15 = d, 0 = x + d - 3. Suppose p + 3*h = -7, -p - p + x*h + 22 = 0. Let v(r) = r**3 - 5*r**2 - r + 6. Give v(p).
1
Let y(d) = -d - 7. Let o(c) = 11 - 4*c + 3*c + c + c. Let t be o(-9). Suppose 0 = -4*z - v - 0 - t, -5*v - 10 = 3*z. Give y(z).
-7
Suppose 36*s - 4 = 32*s. Let f(o) be the third derivative of o**5/15 + o**4/12 - o**3/6 - o**2. Calculate f(s).
5
Let r(m) = -5 - m + 4 + 7*m**3 - 14*m**3 - m**2. Calculate r(-1).
6
Let v(m) = 4*m**2 - 10*m - 33. Let p(w) = w**2 - 3*w - 11. Let s(q) = -7*p(q) + 2*v(q). Give s(0).
11
Let h = 7 - 4. Let s(i) = -5 + h + i**3 + 4*i**2 + 4 + i. Calculate s(-4).
-2
Let c be 20/6 - 1/3. Let r(h) = -h**2 - 9*h + 3. Let f be r(-9). Let b(o) = 2*o**3 + 2 + 2*o**2 - f*o**3 + 3*o + 0*o**3. Determine b(c).
2
Let t = 2 - 2. Suppose t*s = -4*o + s - 14, -4*o = -3*s + 18. Let x(q) = q**3 + 2*q**2 - 3*q - 1. Give x(o).
-1
Let h(x) = -x**2 + 3*x - 1. Let z(b) = b**3 - 12*b**2 - b + 6. Let u be z(12). Let l be (-9)/u + 2/(-4). Give h(l).
1
Let q(k) = 2*k + 2. Suppose 3*a = o - 1, 2*a + 5 = -o - 4. What is q(o)?
-8
Let k(o) = -2*o. Let l(b) = b + 4 + 6 - 1. Let z be l(-14). Give k(z).
10
Let b(z) = z**3 + 9*z**2 + 10*z + 6. Let f(k) = -2*k**2 + 4*k - 2. Let l be f(3). Give b(l).
-10
Suppose -5*x = -504 + 84. Let w(v) = -4*v**2 + 3*v**2 - x*v + 87*v + 4. Suppose -7 = -5*s - 4*y, -4*s + 2*y + 0*y + 16 = 0. Give w(s).
4
Let f(j) = 2*j - 4. Let u(i) = 5*i - 11. Let z(o) = -7*f(o) + 2*u(o). Determine z(4).
-10
Let h(r) = r**2 - 7*r + 3. Let p be (-1)/((3/(-18))/1). What is h(p)?
-3
Let c(k) be the first derivative of 0*k**2 + 7 - 2/3*k**3 + 1/4*k**4 - k. What is c(2)?
-1
Let o(t) = -t**3 - 4*t**2 + 6*t - 6. Let g(q) = -4*q + 12. Let z(d) = -9*d + 23. Let k(y) = -7*g(y) + 3*z(y). Let x be k(10). Determine o(x).
-11
Let p(m) = 2*m**2 - 2*m - 2. Let t(l) = -l**3 + 3*l**2 - 2*l + 4. Let n be t(3). Determine p(n).
10
Let z(j) be the first derivative of j**4/12 + j**3/3 + j**2/2 - 2*j + 2. Let w(t) be the first derivative of z(t). Determine w(-2).
1
Let y(l) be the third derivative of -3*l**4/8 - l**3/6 + 9*l**2. Determine y(1).
-10
Let c(y) be the second derivative of y**5/20 - 5*y**4/12 - y**3/3 + 3*y**2 + 8*y. Let o be (1*-1)/(1/(-5)). Calculate c(o).
-4
Let m(y) = -y**2 - 4*y + 3. Suppose -g = -a - 1, -a - 21 = 5*g + 10. Determine m(a).
-9
Let d(r) = -3*r - 13*r**2 - 5 - 5*r**2 - 15*r**2 + 35*r**2. What is d(4)?
15
Let j be (-1)/(-3) - (-13)/(-3). Let x(t) = -3*t**2 - 5. Let i(d) = 13*d**2 - d + 21. Let v(p) = -2*i(p) - 9*x(p). What is v(j)?
11
Let n(c) = c**3 - 11*c**2 + 8*c**2 + 2*c - 3 + 0*c**2. Calculate n(2).
-3
Let a(z) = 1075*z**2 + 1080*z**2 - 2154*z**2 + 11*z**3 - 4*z**3. Let h = -3 - -2. Determine a(h).
-6
Let v(t) be the third derivative of -t**7/2520 - t**6/180 + t**5/120 + 5*t**4/24 - 9*t**2. Let r(z) be the second derivative of v(z). What is r(-5)?
-4
Let l(v) = v**2 - 8*v - 4. Let w = 19 - 11. Let b be l(w). Let i(c) = -5*c + 4. Let u(t) = 9*t - 7. Let j(g) = 5*i(g) + 3*u(g). Determine j(b).
-9
Let n(c) = 2*c**3 + 4*c**2 + c - 2. Let v(o) = -o**2 + 3*o - 2. Let y be v(0). Give n(y).
-4
Suppose 0*r = -4*r + 8. Let v(k) = -6*k + k**r + 1 + 0*k**2 + 5. What is v(6)?
6
Let n(o) = o**3 + 2*o + 1. Let i(b) = -b**3 - 7*b**2 + 2*b + 12. Let a be i(-7). Calculate n(a).
-11
Let a = 17 - 14. Suppose 20 = a*l + 8. Let p(q) = -q**3 + 3*q**2 + q + 2. Give p(l).
-10
Let q(m) be the first derivative of -4 + 1/2*m**2 + m. Calculate q(2).
3
Let g(y) be the third derivative of y**4/24 + y**3/3 + 9*y**2. Calculate g(5).
7
Let o = 3 - 0. Let c = o - -3. Let v(x) = -x**3 + 7*x**2 - 8*x + 8. Determine v(c).
-4
Let w = -4 - -14. Let s(t) = -2*t + 3*t + 16 - w - 3*t. Determine s(4).
-2
Suppose 3*m + m - 2*u - 38 = 0, 3*u + 1 = -2*m. Let r(t) = t**2 - 9*t + 9. Give r(m).
-5
Let h(i) = -5*i + 7. Let d be h(2). Let u(g) = 2*g. Give u(d).
-6
Let w be (-8)/2 + 6 + -4. Let m(t) be the second derivative of 1/6*t**3 + 0 + 0*t**2 - 1/12*t**4 - t. Determine m(w).
-6
Let f(u) = -4*u**3 - 12*u**2 + 7*u + 2. Let x(c) = c**3 + c**2 - 1. Let q(k) = f(k) + 5*x(k). Calculate q(6).
3
Let a(o) = -3*o + 9*o - 40*o. Determine a(1).
-34
Let x = -1 - 1. Let i(h) = 14*h - 14. Let s(l) = 26*l - 26. Let u(n) = -11*i(n) + 6*s(n). Give u(x).
-6
Let s(k) = 2 - 3 + k - 2*k + 6*k**2 + 0. Determine s(-1).
6
Let w(p) = p**3 - 6*p**2 + 5*p + 4. Let c be w(5). Let k = -18 - -22. Let m(y) = 10 - k*y + y - 1 + 2*y. Determine m(c).
5
Suppose 0 = -p - v - 1 - 5, -2 = -3*p + 2*v. Let u(l) = 4 - 2*l + 3*l + 2 + 2*l**2 - 4. Determine u(p).
8
Suppose -20 = 4*p, -25 = -5*g + p + 4*p. Let c(t) be the second derivative of 1/12*t**4 + 0 + g*t**2 + 0*t**3 - 7/20*t**5 + t. Determine c(-1).
8
Let v(j) be the first derivative of j**4/4 - 2*j**3 + 5*j**2/2 - 6*j + 1. Let z = 20 + -20. Suppose -i - 30 = -5*m, z = m - 3*m + i + 15. Determine v(m).
-6
Let y(v) = v**2 + 4*v + 2. Let a(m) = -5*m**2 - 19*m - 10. Let l(p) = -2*a(p) - 11*y(p). Let i be l(-6). Let h(u) = -u**2 + 3*u + 1. What is h(i)?
-9
Let v(f) be the third derivative of f**6/720 + f**5/40 + f**4/12 + 4*f**2. Let m(k) be the second derivative of v(k). Give m(-6).
-3
Let q(z) = 7*z**2 + z. Suppose 33 = -5*i - 2*n, i - 5*n + 3*n = 3. Let w = 7 + i. Suppose -2 + 4 = -w*s. Give q(s).
6
Let r(h) = h + 4. Suppose 2*z + 2 = n - 2, 3*n - 4*z = 14. Let x = n + -11. Give r(x).
-1
Let q = 50 - 48. Let p(b) = -3*b + 3. Determine p(q).
-3
Suppose 3*v - 14 = 5*g, 0 = -2*g - 3*g - 5*v - 30. Let t(a) = 6 - 5 + 2*a + 0*a + 5. Calculate t(g).
-2
Let c(g) = 4*g + 7. Let y(h) = 5*h + 8. Let d(r) = -4*c(r) + 3*y(r). Let l = -103 - -96. Calculate d(l).
3
Let j be 6*(40/(-3))/(-5). Suppose 3*u = -u - j. Let z(w) = -2*w + 7*w + w**2 - w. Determine z(u).
0
Let a(h) = -h + 1. Let m = -11 - -18. What is a(m)?
-6
Suppose 3*k - 13 = -10. Let c(v) = 10*v**2 + 2*v - 1. Determine c(k).
11
Let i(p) = -1 + 3*p - 4*p - 9. Let u(d) = 2*d - 8. Suppose 16 = 4*h + 5*y, -4*h + 9 = 4*y - 7. Let q be u(h). Calculate i(q).
-10
Let o(g) = -g**2 - 9*g - 2. Let k be o(-8). Let b(x) =